base 4.
-2
What is -34 (base 10) in base 15?
-24
Convert 28 (base 11) to base 14.
22
-1011100 (base 2) to base 8
-134
What is 232 (base 8) in base 14?
b0
What is 1 (base 16) in base 12?
1
Convert 5 (base 9) to base 13.
5
Convert -1 (base 14) to base 15.
-1
What is 2 (base 14) in base 3?
2
Convert -31 (base 8) to base 15.
-1a
Convert 1 (base 12) to base 3.
1
What is 2 (base 10) in base 13?
2
54 (base 6) to base 16
22
43 (base 12) to base 16
33
What is -17 (base 8) in base 9?
-16
Convert -1e (base 15) to base 10.
-29
0 (base 12) to base 11
0
Convert 67 (base 10) to base 15.
47
Convert 71 (base 14) to base 7.
201
Convert 21 (base 7) to base 6.
23
Convert -3 (base 15) to base 16.
-3
What is 6 (base 12) in base 11?
6
-5 (base 10) to base 4
-11
4 (base 5) to base 3
11
a6 (base 12) to base 16
7e
Convert 10 (base 16) to base 5.
31
What is a (base 16) in base 2?
1010
What is 7 (base 12) in base 5?
12
Convert 0 (base 9) to base 2.
0
Convert 52 (base 8) to base 7.
60
-101010 (base 2) to base 10
-42
Convert 20 (base 3) to base 2.
110
-a5 (base 13) to base 5
-1020
-52 (base 7) to base 6
-101
What is 10 (base 15) in base 12?
13
Convert 1033 (base 4) to base 2.
1001111
Convert 6 (base 7) to base 3.
20
Convert -135 (base 11) to base 16.
-9f
Convert -45 (base 16) to base 5.
-234
What is ab (base 12) in base 3?
11212
What is -1 (base 2) in base 5?
-1
100 (base 4) to base 6
24
Convert -1 (base 2) to base 12.
-1
3 (base 7) to base 10
3
-100 (base 2) to base 6
-4
Convert 1 (base 12) to base 5.
1
Convert 22 (base 15) to base 2.
100000
-13 (base 6) to base 8
-11
-31 (base 5) to base 14
-12
Convert -1001 (base 2) to base 14.
-9
What is 2 (base 13) in base 4?
2
What is 0 (base 7) in base 2?
0
-3 (base 8) to base 9
-3
-32 (base 15) to base 4
-233
What is -1 (base 5) in base 8?
-1
Convert -7 (base 13) to base 2.
-111
Convert 17 (base 13) to base 11.
19
Convert 111212 (base 3) to base 14.
1ca
Convert 59 (base 14) to base 2.
1001111
What is 21 (base 11) in base 12?
1b
Convert -3 (base 8) to base 12.
-3
-1 (base 3) to base 13
-1
Convert 152 (base 6) to base 3.
2112
Convert -16 (base 10) to base 3.
-121
-2 (base 9) to base 3
-2
Convert 105 (base 9) to base 16.
56
1 (base 10) to base 6
1
Convert -36 (base 11) to base 4.
-213
Convert 40 (base 14) to base 10.
56
Convert 125 (base 6) to base 16.
35
What is -3 (base 16) in base 6?
-3
What is -a (base 12) in base 13?
-a
Convert -11001 (base 2) to base 10.
-25
What is -13 (base 7) in base 13?
-a
-11101 (base 2) to base 16
-1d
-1 (base 11) to base 7
-1
-5 (base 12) to base 10
-5
What is 110 (base 2) in base 7?
6
Convert 13 (base 4) to base 14.
7
What is 15 (base 6) in base 2?
1011
Convert -3 (base 12) to base 16.
-3
1 (base 13) to base 9
1
Convert -1 (base 4) to base 9.
-1
25 (base 14) to base 11
30
Convert 13 (base 6) to base 12.
9
What is -10 (base 9) in base 5?
-14
-10101101 (base 2) to base 11
-148
-11 (base 4) to base 8
-5
Convert 3 (base 14) to base 8.
3
Convert 3a (base 12) to base 7.
64
0 (base 7) to base 10
0
What is -47 (base 9) in base 4?
-223
-c (base 13) to base 11
-11
What is 10 (base 3) in base 11?
3
-a0 (base 11) to base 4
-1232
45 (base 15) to base 13
50
Convert -3 (base 7) to base 11.
-3
Convert 91 (base 12) to base 8.
155
Convert -101 (base 14) to base 3.
-21022
-10 (base 6) to base 7
-6
Convert -f (base 16) to base 4.
-33
What is -22 (base 16) in base 5?
-114
What is -276 (base 8) in base 9?
-231
Convert 0 (base 11) to base 10.
0
3 (base 14) to base 3
10
What is 2 (base 6) in base 12?
2
What is 100 (base 2) in base 3?
11
What is 52 (base 13) in base 16?
43
What is -23 (base 15) in base 5?
-113
Convert 3 (base 10) to base 11.
3
What is 1302 (base 4) in base 6?
310
What is 12 (base 3) in base 6?
5
1a5 (base 11) to base 12
178
Convert -4 (base 14) to base 4.
-10
What is -1 (base 2) in base 13?
-1
Convert -3 (base 6) to base 10.
-3
-4 (base 8) to base 15
-4
10 (base 3) to base 14
3
What is -c8 (base 13) in base 3?
-20002
Convert -2 (base 7) to base 6.
-2
-2 (base 10) to base 15
-2
2312 (base 4) to base 16
b6
Convert -204 (base 13) to base 12.
-246
Convert -222 (base 3) to base 16.
-1a
What is a (base 14) in base 6?
14
Convert -3 (base 7) to base 12.
-3
43 (base 9) to base 4
213
What is -61 (base 7) in base 5?
-133
Convert -100020 (base 3) to base 5.
-1444
Convert -111 (base 2) to base 9.
-7
-25 (base 16) to base 10
-37
17 (base 11) to base 9
20
What is -13 (base 8) in base 10?
-11
407 (base 8) to base 16
107
What is -7 (base 15) in base 11?
-7
Convert -2 (base 4) to base 3.
-2
-10 (base 2) to base 6
-2
2 (base 13) to base 16
2
What is -11 (base 8) in base 16?
-9
What is -100 (base 6) in base 12?
-30
Convert -6 (base 14) to base 7.
-6
-1211 (base 4) to base 11
-92
Convert -2 (base 9) to base 14.
-2
Convert -71 (base 11) to base 2.
-1001110
What is 12110 (base 3) in base 9?
173
Convert 0 (base 16) to base 12.
0
Convert -2210 (base 3) to base 8.
-113
What is -11 (base 3) in base 10?
-4
Convert -525 (base 6) to base 2.
-11000101
What is 11121 (base 3) in base 15?
84
1 (base 12) to base 13
1
5 (base 16) to base 7
5
-3 (base 4) to base 13
-3
What is -1 (base 12) in base 16?
-1
3 (base 6) to base 13
3
Convert 1000011 (base 2) to base 9.
74
What is 20 (base 7) in base 3?
112
What is -21 (base 6) in base 9?
-14
141 (base 5) to base 16
2e
What is -1e (base 16) in base 15?
-20
Convert -4 (base 16) to base 5.
-4
What is -1 (base 3) in base 16?
-1
-12 (base 7) to base 13
-9
What is -57 (base 11) in base 4?
-332
Convert -b4 (base 15) to base 7.
-331
-2 (base 5) to base 15
-2
What is -3 (base 6) in base 15?
-3
What is 11 (base 15) in base 6?
24
What is -19 (base 15) in base 6?
-40
Convert -4 (base 8) to base 16.
-4
Convert 3 (base 10) to base 2.
11
1110 (base 2) to base 4
32
Convert 122 (base 7) to base 4.
1001
Convert -3 (base 16) to base 6.
-3
What is 1 (base 6) in base 14?
1
Convert -4 (base 6) to base 13.
-4
What is 1 (base 13) in base 3?
1
Convert -9 (base 12) to base 2.
-1001
5 (base 13) to base 3
12
-1 (base 12) to base 14
-1
What is 101 (base 5) in base 13?
20
Convert 1e (base 16) to base 9.
33
-100 (base 2) to base 4
-10
What is 1011 (base 2) in base 5?
21
What is 100 (base 4) in base 13?
13
-62 (base 12) to base 2
-1001010
Convert -23 (base 6) to base 15.
-10
Convert -8b (base 16) to base 5.
-1024
Convert 3 (base 16) to base 10.
3
Convert 20 (base 12) to base 9.
26
What is 12 (base 4) in base 14?
6
-20 (base 5) to base 2
-1010
